{"id":1170,"date":"2021-01-13T23:45:02","date_gmt":"2021-01-13T21:45:02","guid":{"rendered":"https:\/\/farbengl\u00fcck.de\/?page_id=1170"},"modified":"2024-09-09T17:29:11","modified_gmt":"2024-09-09T15:29:11","slug":"geschenkbox","status":"publish","type":"page","link":"https:\/\/farbengl\u00fcck.de\/?page_id=1170","title":{"rendered":"Gutschein"},"content":{"rendered":"\t\t<div data-elementor-type=\"wp-page\" data-elementor-id=\"1170\" class=\"elementor elementor-1170\">\n\t\t\t\t\t\t<section class=\"elementor-section elementor-top-section elementor-element elementor-element-9b0066c elementor-section-boxed elementor-section-height-default elementor-section-height-default\" data-id=\"9b0066c\" data-element_type=\"section\" data-e-type=\"section\">\n\t\t\t\t\t\t<div class=\"elementor-container elementor-column-gap-default\">\n\t\t\t\t\t<div class=\"elementor-column elementor-col-100 elementor-top-column elementor-element elementor-element-91c5d50\" data-id=\"91c5d50\" data-element_type=\"column\" data-e-type=\"column\">\n\t\t\t<div class=\"elementor-widget-wrap elementor-element-populated\">\n\t\t\t\t\t\t<section class=\"elementor-section elementor-inner-section elementor-element elementor-element-92a6538 elementor-section-boxed elementor-section-height-default elementor-section-height-default\" data-id=\"92a6538\" data-element_type=\"section\" data-e-type=\"section\">\n\t\t\t\t\t\t<div class=\"elementor-container elementor-column-gap-default\">\n\t\t\t\t\t<div class=\"elementor-column elementor-col-50 elementor-inner-column elementor-element elementor-element-868ef6c\" data-id=\"868ef6c\" data-element_type=\"column\" data-e-type=\"column\">\n\t\t\t<div class=\"elementor-widget-wrap elementor-element-populated\">\n\t\t\t\t\t\t<div class=\"elementor-element elementor-element-e091ac3 elementor-widget elementor-widget-image\" data-id=\"e091ac3\" data-element_type=\"widget\" data-e-type=\"widget\" data-widget_type=\"image.default\">\n\t\t\t\t<div class=\"elementor-widget-container\">\n\t\t\t\t\t\t\t\t\t\t\t\t\t\t\t<img decoding=\"async\" src=\"https:\/\/farbengl\u00fcck.de\/wp-content\/uploads\/2019\/10\/20191015_082304.jpg\" title=\"\" alt=\"\" loading=\"lazy\" \/>\t\t\t\t\t\t\t\t\t\t\t\t\t\t\t<\/div>\n\t\t\t\t<\/div>\n\t\t\t\t\t<\/div>\n\t\t<\/div>\n\t\t\t\t<div class=\"elementor-column elementor-col-50 elementor-inner-column elementor-element elementor-element-3575bc1\" data-id=\"3575bc1\" data-element_type=\"column\" data-e-type=\"column\">\n\t\t\t<div class=\"elementor-widget-wrap elementor-element-populated\">\n\t\t\t\t\t\t<div class=\"elementor-element elementor-element-75962e4 elementor-widget elementor-widget-text-editor\" data-id=\"75962e4\" data-element_type=\"widget\" data-e-type=\"widget\" data-widget_type=\"text-editor.default\">\n\t\t\t\t<div class=\"elementor-widget-container\">\n\t\t\t\t\t\t\t\t\t<h2><span style=\"color: #333333;\">Auf der Suche nach einer kreativen Geschenk-Idee?<\/span><br \/>&#8211;&gt; der Farbengl\u00fcck-Gutschein<\/h2><p>Du m\u00f6chtest jemandem eine kreative Freude bereiten? Dann bestell Dir den Farbengl\u00fcck-Gutschein im Wert von 10,- (Malfreiraum) oder 35,- EUR (Malworkshop).<\/p><p>Wir schicken Dir nach Zahlungseingang den Gutschein per E-Mail zu.\u00a0<\/p><div>Bitte melde Dich \u00fcber das <span style=\"color: #0000ff;\"><a style=\"color: #0000ff;\" href=\"https:\/\/farbengl\u00fcck.de\/?page_id=23\">Kontaktformular<\/a><\/span>!<\/div>\t\t\t\t\t\t\t\t<\/div>\n\t\t\t\t<\/div>\n\t\t\t\t\t<\/div>\n\t\t<\/div>\n\t\t\t\t\t<\/div>\n\t\t<\/section>\n\t\t\t\t\t<\/div>\n\t\t<\/div>\n\t\t\t\t\t<\/div>\n\t\t<\/section>\n\t\t\t\t<section class=\"elementor-section elementor-top-section elementor-element elementor-element-5091c80 elementor-section-boxed elementor-section-height-default elementor-section-height-default\" data-id=\"5091c80\" data-element_type=\"section\" data-e-type=\"section\">\n\t\t\t\t\t\t<div class=\"elementor-container elementor-column-gap-default\">\n\t\t\t\t\t<div class=\"elementor-column elementor-col-100 elementor-top-column elementor-element elementor-element-a8a9b9c\" data-id=\"a8a9b9c\" data-element_type=\"column\" data-e-type=\"column\">\n\t\t\t<div class=\"elementor-widget-wrap elementor-element-populated\">\n\t\t\t\t\t\t<div class=\"elementor-element elementor-element-444b033 gallery-spacing-custom elementor-widget elementor-widget-image-gallery\" data-id=\"444b033\" data-element_type=\"widget\" data-e-type=\"widget\" data-widget_type=\"image-gallery.default\">\n\t\t\t\t<div class=\"elementor-widget-container\">\n\t\t\t\t\t\t\t<div class=\"elementor-image-gallery\">\n\t\t\t<div id='gallery-1' class='gallery galleryid-1170 gallery-columns-3 gallery-size-medium_large'><figure class='gallery-item'>\n\t\t\t<div class='gallery-icon landscape'>\n\t\t\t\t<a data-elementor-open-lightbox=\"yes\" data-elementor-lightbox-slideshow=\"444b033\" data-elementor-lightbox-title=\"Gutschein_Herbstzeit\" data-e-action-hash=\"#elementor-action%3Aaction%3Dlightbox%26settings%3DeyJpZCI6MjcwMywidXJsIjoiaHR0cHM6XC9cL2ZhcmJlbmdsXHUwMGZjY2suZGVcL3dwLWNvbnRlbnRcL3VwbG9hZHNcLzIwMjNcLzA4XC9HdXRzY2hlaW5fSGVyYnN0emVpdC5wbmciLCJzbGlkZXNob3ciOiI0NDRiMDMzIn0%3D\" href='https:\/\/farbengl\u00fcck.de\/wp-content\/uploads\/2023\/08\/Gutschein_Herbstzeit.png'><img fetchpriority=\"high\" decoding=\"async\" width=\"768\" height=\"576\" src=\"https:\/\/farbengl\u00fcck.de\/wp-content\/uploads\/2023\/08\/Gutschein_Herbstzeit-768x576.png\" class=\"attachment-medium_large size-medium_large\" alt=\"\" srcset=\"https:\/\/farbengl\u00fcck.de\/wp-content\/uploads\/2023\/08\/Gutschein_Herbstzeit-768x576.png 768w, https:\/\/farbengl\u00fcck.de\/wp-content\/uploads\/2023\/08\/Gutschein_Herbstzeit-300x225.png 300w, https:\/\/farbengl\u00fcck.de\/wp-content\/uploads\/2023\/08\/Gutschein_Herbstzeit-1024x768.png 1024w, https:\/\/farbengl\u00fcck.de\/wp-content\/uploads\/2023\/08\/Gutschein_Herbstzeit-1536x1152.png 1536w, https:\/\/farbengl\u00fcck.de\/wp-content\/uploads\/2023\/08\/Gutschein_Herbstzeit.png 2048w\" sizes=\"(max-width: 768px) 100vw, 768px\" \/><\/a>\n\t\t\t<\/div><\/figure><figure class='gallery-item'>\n\t\t\t<div class='gallery-icon landscape'>\n\t\t\t\t<a data-elementor-open-lightbox=\"yes\" data-elementor-lightbox-slideshow=\"444b033\" data-elementor-lightbox-title=\"20230808_210324_0000\" data-e-action-hash=\"#elementor-action%3Aaction%3Dlightbox%26settings%3DeyJpZCI6MjcxOCwidXJsIjoiaHR0cHM6XC9cL2ZhcmJlbmdsXHUwMGZjY2suZGVcL3dwLWNvbnRlbnRcL3VwbG9hZHNcLzIwMjNcLzA4XC8yMDIzMDgwOF8yMTAzMjRfMDAwMC0xLnBuZyIsInNsaWRlc2hvdyI6IjQ0NGIwMzMifQ%3D%3D\" href='https:\/\/farbengl\u00fcck.de\/wp-content\/uploads\/2023\/08\/20230808_210324_0000-1.png'><img decoding=\"async\" width=\"768\" height=\"569\" src=\"https:\/\/farbengl\u00fcck.de\/wp-content\/uploads\/2023\/08\/20230808_210324_0000-1-768x569.png\" class=\"attachment-medium_large size-medium_large\" alt=\"\" srcset=\"https:\/\/farbengl\u00fcck.de\/wp-content\/uploads\/2023\/08\/20230808_210324_0000-1-768x569.png 768w, https:\/\/farbengl\u00fcck.de\/wp-content\/uploads\/2023\/08\/20230808_210324_0000-1-300x222.png 300w, https:\/\/farbengl\u00fcck.de\/wp-content\/uploads\/2023\/08\/20230808_210324_0000-1-1024x759.png 1024w, https:\/\/farbengl\u00fcck.de\/wp-content\/uploads\/2023\/08\/20230808_210324_0000-1-1536x1139.png 1536w, https:\/\/farbengl\u00fcck.de\/wp-content\/uploads\/2023\/08\/20230808_210324_0000-1.png 2048w\" sizes=\"(max-width: 768px) 100vw, 768px\" \/><\/a>\n\t\t\t<\/div><\/figure><figure class='gallery-item'>\n\t\t\t<div class='gallery-icon landscape'>\n\t\t\t\t<a data-elementor-open-lightbox=\"yes\" data-elementor-lightbox-slideshow=\"444b033\" data-elementor-lightbox-title=\"20230419_173855_0000\" data-e-action-hash=\"#elementor-action%3Aaction%3Dlightbox%26settings%3DeyJpZCI6MjcwMSwidXJsIjoiaHR0cHM6XC9cL2ZhcmJlbmdsXHUwMGZjY2suZGVcL3dwLWNvbnRlbnRcL3VwbG9hZHNcLzIwMjNcLzA4XC8yMDIzMDQxOV8xNzM4NTVfMDAwMC5wbmciLCJzbGlkZXNob3ciOiI0NDRiMDMzIn0%3D\" href='https:\/\/farbengl\u00fcck.de\/wp-content\/uploads\/2023\/08\/20230419_173855_0000.png'><img decoding=\"async\" width=\"768\" height=\"576\" src=\"https:\/\/farbengl\u00fcck.de\/wp-content\/uploads\/2023\/08\/20230419_173855_0000-768x576.png\" class=\"attachment-medium_large size-medium_large\" alt=\"\" srcset=\"https:\/\/farbengl\u00fcck.de\/wp-content\/uploads\/2023\/08\/20230419_173855_0000-768x576.png 768w, https:\/\/farbengl\u00fcck.de\/wp-content\/uploads\/2023\/08\/20230419_173855_0000-300x225.png 300w, https:\/\/farbengl\u00fcck.de\/wp-content\/uploads\/2023\/08\/20230419_173855_0000-1024x768.png 1024w, https:\/\/farbengl\u00fcck.de\/wp-content\/uploads\/2023\/08\/20230419_173855_0000-1536x1152.png 1536w, https:\/\/farbengl\u00fcck.de\/wp-content\/uploads\/2023\/08\/elementor\/thumbs\/20230419_173855_0000-qamgfrgar36ohprz17q5k5yjdg8kmbfhoe4zw1r16g.png 400w, https:\/\/farbengl\u00fcck.de\/wp-content\/uploads\/2023\/08\/20230419_173855_0000.png 2048w\" sizes=\"(max-width: 768px) 100vw, 768px\" \/><\/a>\n\t\t\t<\/div><\/figure>\n\t\t<\/div>\n\t\t<\/div>\n\t\t\t\t\t\t<\/div>\n\t\t\t\t<\/div>\n\t\t\t\t\t<\/div>\n\t\t<\/div>\n\t\t\t\t\t<\/div>\n\t\t<\/section>\n\t\t\t\t<\/div>\n\t\t","protected":false},"excerpt":{"rendered":"<p>Auf der Suche nach einer kreativen Geschenk-Idee?&#8211;&gt; der Farbengl\u00fcck-Gutschein Du m\u00f6chtest jemandem eine kreative Freude bereiten? Dann bestell Dir den Farbengl\u00fcck-Gutschein im Wert von 10,- (Malfreiraum) oder 35,- EUR (Malworkshop). Wir schicken Dir nach Zahlungseingang den Gutschein per E-Mail zu.\u00a0 Bitte melde Dich \u00fcber das Kontaktformular!<\/p>\n","protected":false},"author":1,"featured_media":0,"parent":0,"menu_order":0,"comment_status":"closed","ping_status":"closed","template":"","meta":{"ocean_post_layout":"full-width","ocean_both_sidebars_style":"","ocean_both_sidebars_content_width":0,"ocean_both_sidebars_sidebars_width":0,"ocean_sidebar":"0","ocean_second_sidebar":"0","ocean_disable_margins":"enable","ocean_add_body_class":"","ocean_shortcode_before_top_bar":"","ocean_shortcode_after_top_bar":"","ocean_shortcode_before_header":"","ocean_shortcode_after_header":"","ocean_has_shortcode":"","ocean_shortcode_after_title":"","ocean_shortcode_before_footer_widgets":"","ocean_shortcode_after_footer_widgets":"","ocean_shortcode_before_footer_bottom":"","ocean_shortcode_after_footer_bottom":"","ocean_display_top_bar":"default","ocean_display_header":"default","ocean_header_style":"","ocean_center_header_left_menu":"0","ocean_custom_header_template":"0","ocean_custom_logo":0,"ocean_custom_retina_logo":0,"ocean_custom_logo_max_width":0,"ocean_custom_logo_tablet_max_width":0,"ocean_custom_logo_mobile_max_width":0,"ocean_custom_logo_max_height":0,"ocean_custom_logo_tablet_max_height":0,"ocean_custom_logo_mobile_max_height":0,"ocean_header_custom_menu":"0","ocean_menu_typo_font_family":"0","ocean_menu_typo_font_subset":"","ocean_menu_typo_font_size":0,"ocean_menu_typo_font_size_tablet":0,"ocean_menu_typo_font_size_mobile":0,"ocean_menu_typo_font_size_unit":"px","ocean_menu_typo_font_weight":"","ocean_menu_typo_font_weight_tablet":"","ocean_menu_typo_font_weight_mobile":"","ocean_menu_typo_transform":"","ocean_menu_typo_transform_tablet":"","ocean_menu_typo_transform_mobile":"","ocean_menu_typo_line_height":0,"ocean_menu_typo_line_height_tablet":0,"ocean_menu_typo_line_height_mobile":0,"ocean_menu_typo_line_height_unit":"","ocean_menu_typo_spacing":0,"ocean_menu_typo_spacing_tablet":0,"ocean_menu_typo_spacing_mobile":0,"ocean_menu_typo_spacing_unit":"","ocean_menu_link_color":"","ocean_menu_link_color_hover":"","ocean_menu_link_color_active":"","ocean_menu_link_background":"","ocean_menu_link_hover_background":"","ocean_menu_link_active_background":"","ocean_menu_social_links_bg":"","ocean_menu_social_hover_links_bg":"","ocean_menu_social_links_color":"","ocean_menu_social_hover_links_color":"","ocean_disable_title":"default","ocean_disable_heading":"default","ocean_post_title":"","ocean_post_subheading":"","ocean_post_title_style":"","ocean_post_title_background_color":"","ocean_post_title_background":0,"ocean_post_title_bg_image_position":"","ocean_post_title_bg_image_attachment":"","ocean_post_title_bg_image_repeat":"","ocean_post_title_bg_image_size":"","ocean_post_title_height":0,"ocean_post_title_bg_overlay":0.5,"ocean_post_title_bg_overlay_color":"","ocean_disable_breadcrumbs":"default","ocean_breadcrumbs_color":"","ocean_breadcrumbs_separator_color":"","ocean_breadcrumbs_links_color":"","ocean_breadcrumbs_links_hover_color":"","ocean_display_footer_widgets":"default","ocean_display_footer_bottom":"default","ocean_custom_footer_template":"0","footnotes":""},"class_list":["post-1170","page","type-page","status-publish","hentry","entry"],"_links":{"self":[{"href":"https:\/\/farbengl\u00fcck.de\/index.php?rest_route=\/wp\/v2\/pages\/1170","targetHints":{"allow":["GET"]}}],"collection":[{"href":"https:\/\/farbengl\u00fcck.de\/index.php?rest_route=\/wp\/v2\/pages"}],"about":[{"href":"https:\/\/farbengl\u00fcck.de\/index.php?rest_route=\/wp\/v2\/types\/page"}],"author":[{"embeddable":true,"href":"https:\/\/farbengl\u00fcck.de\/index.php?rest_route=\/wp\/v2\/users\/1"}],"replies":[{"embeddable":true,"href":"https:\/\/farbengl\u00fcck.de\/index.php?rest_route=%2Fwp%2Fv2%2Fcomments&post=1170"}],"version-history":[{"count":23,"href":"https:\/\/farbengl\u00fcck.de\/index.php?rest_route=\/wp\/v2\/pages\/1170\/revisions"}],"predecessor-version":[{"id":3776,"href":"https:\/\/farbengl\u00fcck.de\/index.php?rest_route=\/wp\/v2\/pages\/1170\/revisions\/3776"}],"wp:attachment":[{"href":"https:\/\/farbengl\u00fcck.de\/index.php?rest_route=%2Fwp%2Fv2%2Fmedia&parent=1170"}],"curies":[{"name":"wp","href":"https:\/\/api.w.org\/{rel}","templated":true}]}}